MONTHLY CLIMATOLOGICAL SUMMARY for NOV. 2017

NAME: KRON   CITY: Roanoke STATE: Virginia
ELEV: 1450 LAT: 037:22:00 LONG: 0079:60:00

                            TEMPERATURE ( F), RAIN (in.), WIND SPEED (mph)

                                               HEAT     COOL           AVG
      MEAN                                     DEG      DEG            WIND                       DOM
DAY   TEMP    HIGH   TIME     LOW    TIME      DAYS     DAYS    RAIN   SPEED    HIGH    TIME      DIR
--------------------------------------------------------------------------------------------------------
01    51.7   058.5   16:18    45.5   08:35     13.3     00.0   00.00   00.8     12.7    04:56     ESE
02    59.5   076.8   14:40    49.8   08:19     05.4     00.0   00.00   03.5     20.7    17:45      S 
03    64.3   080.0   14:24    53.4   07:35     00.6     00.0   00.01   00.6     12.7    12:21      E 
04    51.7   063.0   00:33    45.7   21:49     13.2     00.0   00.25   02.0     17.3    10:08      S 
05    50.1   053.8   20:17    46.2   00:20     14.8     00.0   00.01   02.1     16.1    16:17      S 
06    59.0   075.6   15:12    49.6   06:55     05.9     00.0   00.01   00.8     10.3    19:21     ESE
07    49.2   058.3   00:01    42.7   23:49     15.8     00.0   00.10   03.1     14.9    13:17      S 
08    42.2   043.6   15:35    40.7   08:18     22.7     00.0   00.11   00.0     06.9    08:59     ENE
09    45.3   051.4   15:58    42.1   06:21     19.6     00.0   00.16   00.0     05.8    19:54     NNE
10    44.6   059.5   13:48    30.8   00:00     20.4     00.0   00.00   01.3     14.9    07:40     ENE
11    32.0   041.8   14:25    24.6   07:30     33.0     00.0   00.00   04.6     16.1    12:40     SSW
12    36.3   044.2   14:42    29.7   06:04     28.6     00.0   00.10   01.2     11.5    16:28      S 
13    45.6   060.5   13:35    37.2   00:26     19.3     00.0   00.00   00.7     13.8    14:17     NNE
14    43.3   048.9   13:03    38.9   23:51     21.6     00.0   00.00   00.8     10.3    19:01      S 
15    42.1   052.5   14:11    37.6   06:13     22.8     00.0   00.00   02.8     12.7    20:23      S 
16    51.0   068.2   14:19    40.8   03:41     13.9     00.0   00.00   01.7     14.9    09:12     NNE
17    44.6   060.8   14:42    33.8   07:37     20.4     00.0   00.00   02.4     12.7    23:49      S 
18    50.0   059.5   13:44    38.1   07:25     15.0     00.0   00.00   06.8     32.2    17:43      S 
19    45.3   058.1   00:14    36.0   00:00     19.7     00.0   00.07   04.8     25.3    02:26     NNE
20    42.9   059.8   14:27    32.2   07:31     22.0     00.0   00.00   01.5     10.3    04:51      E 
21    45.5   060.5   14:56    31.9   07:08     19.4     00.0   00.00   03.1     25.3    16:17     SSE
22    48.8   062.9   14:17    35.2   00:00     16.2     00.0   00.00   01.6     18.4    10:21      NE
--------------------------------------------------------------------------------------------------------
47.5 (49.1)   80.0  day 03     24.6  day 11   383.6    000.0   00.82   02.1     32.2   day 18     SSE
Min <=  86: 22
Max Rain: 0.25 ON 4-11-17
Days of Rain: 9 (> .008in) 5 (> .08in) 0 (> 0.8in)