MONTHLY CLIMATOLOGICAL SUMMARY for JUN. 2018

NAME: KRON   CITY: Roanoke STATE: Virginia
ELEV: 1450 LAT: 037:22:00 LONG: 0079:60:00

                            TEMPERATURE ( F), RAIN (in.), WIND SPEED (mph)

                                               HEAT     COOL           AVG
      MEAN                                     DEG      DEG            WIND                       DOM
DAY   TEMP    HIGH   TIME     LOW    TIME      DAYS     DAYS    RAIN   SPEED    HIGH    TIME      DIR
--------------------------------------------------------------------------------------------------------
01    73.5   086.3   14:52    63.6   06:22     00.0     08.6   00.00   00.0     00.0    00:00      N 
02    71.2   078.9   12:52    67.3   23:57     00.0     06.3   00.04   00.0     00.0    00:00      N 
03    72.4   085.2   15:53    64.7   23:36     00.0     07.5   00.01   00.0     00.0    00:00      N 
04    70.5   083.5   15:03    61.1   06:08     00.0     05.5   00.00   00.0     00.0    00:00      N 
05    70.9   084.0   15:12    61.3   06:20     00.0     05.9   00.00   00.0     00.0    00:00      N 
06    71.6   082.7   14:46    63.5   00:00     00.0     06.7   00.00   00.0     00.0    00:00      N 
07    68.5   080.2   14:54    59.3   06:37     00.0     03.6   00.00   00.0     00.0    00:00      N 
08    73.0   084.5   13:53    62.4   06:58     00.0     08.0   00.00   00.0     00.0    00:00      N 
09    75.0   087.2   14:38    67.3   05:56     00.0     10.0   00.00   00.0     00.0    00:00      N 
10    72.7   085.5   13:35    64.6   06:06     00.0     07.7   00.01   00.0     00.0    00:00      N 
11    63.8   069.4   00:08    57.7   23:39     01.1     00.0   00.04   00.0     00.0    00:00      N 
12    59.8   063.8   16:55    57.1   07:19     05.2     00.0   00.12   00.0     00.0    00:00      N 
13    68.0   079.4   14:48    61.0   06:29     00.0     03.0   00.43   00.0     00.0    00:00      N 
14    73.8   086.0   15:21    65.7   04:22     00.0     08.9   00.01   00.0     00.0    00:00      N 
15    70.9   082.6   15:58    59.5   07:41     00.0     06.0   00.00   00.0     00.0    00:00      N 
16    72.9   084.8   15:07    63.0   07:28     00.0     07.9   00.00   00.0     00.0    00:00      N 
17    77.6   089.9   15:03    66.5   05:50     00.0     12.7   00.00   00.0     00.0    00:00      N 
18    80.7   093.5   15:25    69.6   07:26     00.0     15.7   00.00   00.0     00.0    00:00      N 
--------------------------------------------------------------------------------------------------------
71.5 (72.8)   93.5  day 18     57.1  day 12   006.3    124.1   00.66   00.0     00.0   day 19     N
Max >=  86: 4
Min <=  86: 18
Max Rain: 0.43 ON 13-06-18
Days of Rain: 7 (> .008in) 2 (> .08in) 0 (> 0.8in)