MONTHLY CLIMATOLOGICAL SUMMARY for OCT. 2018

NAME: KRON   CITY: Roanoke STATE: Virginia
ELEV: 1450 LAT: 037:22:00 LONG: 0079:60:00

                            TEMPERATURE ( F), RAIN (in.), WIND SPEED (mph)

                                               HEAT     COOL           AVG
      MEAN                                     DEG      DEG            WIND                       DOM
DAY   TEMP    HIGH   TIME     LOW    TIME      DAYS     DAYS    RAIN   SPEED    HIGH    TIME      DIR
--------------------------------------------------------------------------------------------------------
01    69.0   082.2   15:51    60.4   07:50     00.0     04.1   00.00   00.0     00.0    00:00      N 
02    70.0   084.3   15:07    63.0   07:37     00.0     05.1   00.00   00.0     09.2    17:15      N 
03    72.8   086.8   15:44    64.7   06:05     00.0     07.9   00.00   00.0     00.0    00:00     SSE
04    74.5   088.5   16:28    64.6   07:13     00.0     09.6   00.00   00.0     00.0    00:00     SSE
05    73.5   085.3   15:30    68.1   23:51     00.0     08.6   00.00   01.0     12.7    19:59      S 
06    68.9   073.2   16:52    64.8   08:41     00.0     03.9   00.00   03.0     10.3    14:44      S 
07    73.6   088.2   15:06    65.2   07:51     00.0     08.7   00.00   01.9     13.8    19:39     SSE
08    72.1   081.0   16:13    66.9   07:20     00.0     07.1   00.00   02.2     13.8    22:26      SE
09    68.5   075.6   16:23    65.4   08:59     00.0     03.6   00.15   03.2     12.7    19:12      SE
10    67.4   069.8   19:36    64.9   07:13     00.0     02.4   00.37   05.5     23.0    19:47      SE
11    65.6   069.3   08:47    54.0   23:54     00.0     00.6   04.24   03.0     21.9    23:27     SSW
12    56.9   073.2   16:21    48.2   08:07     08.0     00.0   00.00   02.9     18.4    01:23     WNW
13    55.6   067.9   16:47    47.4   23:54     09.3     00.0   00.00   01.7     14.9    12:05     WNW
14    48.4   051.3   17:28    44.9   10:24     16.6     00.0   00.05   01.9     12.7    04:59     ESE
15    59.8   074.7   17:02    48.7   00:16     05.1     00.0   00.04   02.1     16.1    19:50     SSE
16    60.2   066.4   15:25    55.7   07:27     04.7     00.0   00.07   01.1     10.3    00:04     WNW
--------------------------------------------------------------------------------------------------------
66.1 (67.6)   88.5  day 04     44.9  day 14   043.7    061.5   04.92   01.8     23.0   day 10     SSE
Max >=  86: 3
Min <=  86: 16
Max Rain: 4.24 ON 11-10-18
Days of Rain: 6 (> .008in) 3 (> .08in) 1 (> 0.8in)