MONTHLY CLIMATOLOGICAL SUMMARY for OCT. 2019

NAME: KRON   CITY: Roanoke STATE: Virginia
ELEV: 1450 LAT: 037:22:00 LONG: 0079:60:00

                            TEMPERATURE ( F), RAIN (in.), WIND SPEED (mph)

                                               HEAT     COOL           AVG
      MEAN                                     DEG      DEG            WIND                       DOM
DAY   TEMP    HIGH   TIME     LOW    TIME      DAYS     DAYS    RAIN   SPEED    HIGH    TIME      DIR
--------------------------------------------------------------------------------------------------------
01    75.9   091.0   15:36    66.4   07:39     00.0     10.9   00.00   01.3     12.7    18:14     SSE
02    79.8   094.7   16:37    69.3   07:37     00.0     14.8   00.00   00.7     13.8    15:26      W 
03    81.3   099.1   16:17    69.3   08:23     00.0     16.3   00.00   01.5     12.7    16:34     NNW
04    78.3   093.9   16:20    66.4   00:00     00.0     13.4   00.00   01.2     18.4    21:53     NNW
05    56.3   066.7   00:05    50.4   10:29     08.6     00.0   00.00   02.5     20.7    06:33     SSE
06    60.0   066.8   16:23    54.2   03:46     04.9     00.0   00.05   00.8     10.3    17:36     SSE
07    67.1   076.5   16:03    61.2   04:27     00.0     02.1   00.00   03.8     18.4    15:32     SSE
08    57.9   066.6   00:04    55.0   23:57     07.1     00.0   00.29   00.0     11.5    02:20      W 
09    61.6   077.5   16:05    53.7   08:00     03.3     00.0   00.00   01.2     13.8    23:06     SSW
10    63.9   079.7   16:39    55.3   05:44     01.0     00.0   00.00   01.0     10.3    13:03     ESE
11    62.1   082.0   15:22    53.8   08:31     02.8     00.0   00.00   00.8     09.2    14:56     ENE
12    63.3   076.1   13:59    57.9   04:46     01.7     00.0   00.00   00.8     12.7    14:23     WSW
13    58.1   063.2   12:16    53.7   07:56     06.9     00.0   00.00   01.7     12.7    16:04     SSE
14    62.3   080.4   16:31    50.7   07:34     02.7     00.0   00.00   01.3     14.9    10:43     WNW
15    60.7   076.1   15:31    49.1   08:25     04.2     00.0   00.00   02.9     18.4    15:39     SSE
16    55.4   066.1   15:56    47.6   22:32     09.5     00.0   00.52   02.4     27.6    20:00      W 
17    53.4   068.7   15:59    46.1   08:03     11.5     00.0   00.00   02.4     27.6    00:15     WNW
18    55.2   073.5   16:35    44.9   07:28     09.7     00.0   00.00   00.6     13.8    11:58     WNW
--------------------------------------------------------------------------------------------------------
64.0 (66.8)   99.1  day 03     44.9  day 18   073.9    057.6   00.86   01.5     27.6   day 07      S 
Max >=  86: 4
Min <=  86: 18
Max Rain: 0.52 ON 16-10-19
Days of Rain: 3 (> .008in) 2 (> .08in) 0 (> 0.8in)