MONTHLY CLIMATOLOGICAL SUMMARY for SEP. 2017

NAME: KRON   CITY: Roanoke STATE: Virginia
ELEV: 1450 LAT: 037:22:00 LONG: 0079:60:00

                            TEMPERATURE ( F), RAIN (in.), WIND SPEED (mph)

                                               HEAT     COOL           AVG
      MEAN                                     DEG      DEG            WIND                       DOM
DAY   TEMP    HIGH   TIME     LOW    TIME      DAYS     DAYS    RAIN   SPEED    HIGH    TIME      DIR
--------------------------------------------------------------------------------------------------------
01    60.0   068.9   00:04    52.4   23:54     05.0     00.0   00.52   01.9     18.4    06:04      S 
02    54.8   059.5   17:21    51.6   06:27     10.1     00.0   00.27   00.8     10.3    17:37     SSW
03    65.4   080.3   15:35    55.4   06:40     00.0     00.4   00.01   00.5     17.3    12:24      E 
04    69.2   083.7   15:24    58.2   07:36     00.0     04.3   00.00   03.5     23.0    18:18     SSW
05    71.5   083.5   13:30    66.2   06:57     00.0     06.5   00.00   02.5     21.9    15:50     SSW
06    60.6   067.1   00:02    53.3   00:00     04.3     00.0   00.54   00.1     05.8    04:09      SE
07    59.8   074.2   15:33    51.6   07:12     05.1     00.0   00.00   00.3     16.1    16:43      S 
08    62.6   079.1   15:38    50.9   07:40     02.3     00.0   00.00   00.3     10.3    12:08     ESE
09    62.1   075.0   15:51    52.9   06:53     02.9     00.0   00.00   01.1     12.7    14:45     SSE
10    59.2   069.8   13:30    51.4   07:54     05.7     00.0   00.00   01.0     13.8    17:24      SE
11    57.4   060.8   15:18    53.8   08:07     07.6     00.0   00.01   01.0     11.5    22:49     ESE
12    58.9   062.5   00:00    55.5   08:15     06.1     00.0   00.76   01.7     12.7    23:16      SE
13    67.3   076.8   14:59    61.7   06:59     00.0     02.3   00.11   03.9     24.1    15:08     SSW
14    66.8   072.9   14:26    62.4   08:28     00.0     01.9   00.02   00.7     11.5    03:25      S 
15    66.6   079.2   14:14    57.6   07:40     00.0     01.6   00.00   00.5     09.2    14:16     ESE
16    69.6   081.7   13:50    60.5   08:00     00.0     04.7   00.00   00.6     09.2    20:44      S 
17    70.8   082.1   16:12    62.2   07:14     00.0     05.8   00.00   01.5     12.7    20:55      S 
18    70.9   083.0   15:18    64.8   07:30     00.0     06.0   00.00   01.3     13.8    15:41      S 
19    71.6   085.4   16:06    62.9   07:28     00.0     06.6   00.00   00.8     10.3    20:01     SSW
20    71.6   085.9   13:53    63.8   07:45     00.0     06.6   00.00   00.7     12.7    15:34     ESE
21    72.6   086.8   15:17    63.0   07:17     00.0     07.6   00.00   01.1     10.3    15:24     SSE
22    73.8   086.2   14:48    65.4   07:29     00.0     08.9   00.00   01.0     10.3    19:00     SSE
23    73.6   089.2   14:48    64.5   07:34     00.0     08.7   00.00   01.8     13.8    17:48     SSW
24    72.6   086.7   16:19    60.8   08:05     00.0     07.7   00.00   01.0     12.7    14:30      S 
25    73.9   086.4   15:05    65.4   07:17     00.0     09.0   00.00   00.4     12.7    17:07     ESE
--------------------------------------------------------------------------------------------------------
66.5 (68.3)   89.2  day 23     50.9  day 08   049.1    088.7   02.25   01.2     24.2   day 04      S 
Max >=  86: 5
Min <=  86: 25
Max Rain: 0.76 ON 12-09-17
Days of Rain: 8 (> .008in) 5 (> .08in) 0 (> 0.8in)