MONTHLY CLIMATOLOGICAL SUMMARY for AUG. 2019

NAME: KRON   CITY: Roanoke STATE: Virginia
ELEV: 1450 LAT: 037:22:00 LONG: 0079:60:00

                            TEMPERATURE ( F), RAIN (in.), WIND SPEED (mph)

                                               HEAT     COOL           AVG
      MEAN                                     DEG      DEG            WIND                       DOM
DAY   TEMP    HIGH   TIME     LOW    TIME      DAYS     DAYS    RAIN   SPEED    HIGH    TIME      DIR
--------------------------------------------------------------------------------------------------------
01    72.5   087.1   14:15    65.5   07:24     00.0     07.6   00.31   01.6     20.7    21:59     SSE
02    71.7   080.0   14:36    64.7   07:19     00.0     06.7   00.00   01.7     13.8    11:33      SE
03    75.0   085.9   15:32    66.2   06:58     00.0     10.1   00.00   02.5     16.1    16:58      S 
04    77.4   090.3   15:16    67.8   06:36     00.0     12.5   00.00   01.1     11.5    13:03     NNW
05    74.4   083.5   15:59    68.0   06:51     00.0     09.4   00.02   01.1     10.3    18:28      S 
06    76.5   090.3   15:29    65.7   07:05     00.0     11.6   00.00   02.0     12.7    19:33      S 
07    77.2   089.0   15:41    68.3   06:32     00.0     12.3   00.00   01.3     16.1    18:10      W 
08    78.4   092.6   15:37    67.9   06:41     00.0     13.4   00.00   01.4     16.1    16:22     WNW
09    78.4   089.8   15:10    69.6   07:11     00.0     13.4   00.00   01.5     19.6    15:28     WNW
10    75.4   085.5   13:58    67.4   06:44     00.0     10.4   00.00   02.0     13.8    16:59     SSE
11    73.7   085.8   14:43    63.1   07:26     00.0     08.7   00.00   01.9     14.9    18:28      S 
12    76.5   088.0   15:29    65.6   06:35     00.0     11.5   00.00   04.0     19.6    17:38     SSE
13    78.7   090.2   14:28    72.8   06:19     00.0     13.8   00.13   01.5     20.7    14:27      W 
14    79.6   090.8   14:43    73.0   07:30     00.0     14.7   00.00   01.3     14.9    16:31     WNW
15    77.9   092.0   15:27    67.4   22:56     00.0     13.0   00.04   03.3     25.3    21:48     SSE
16    75.4   086.2   15:04    68.3   06:30     00.0     10.4   00.00   01.8     13.8    17:28     SSE
17    77.3   090.2   13:54    69.0   07:25     00.0     12.3   00.50   02.0     14.9    17:11     SSE
18    78.5   092.2   14:55    68.2   07:43     00.0     13.6   00.00   01.8     16.1    17:01     SSE
19    79.9   094.6   14:00    69.8   07:16     00.0     15.0   00.08   00.6     11.5    15:14      NW
20    76.5   090.0   13:06    70.8   07:43     00.0     11.5   00.03   02.5     28.8    15:06      S 
21    79.3   093.6   15:10    68.7   07:40     00.0     14.4   00.00   02.1     19.6    15:12      SW
22    77.6   094.6   14:09    70.3   23:53     00.0     12.7   00.43   01.6     24.1    14:18     SSW
23    74.4   086.9   15:23    65.6   00:00     00.0     09.5   00.53   01.3     16.1    15:13      NW
--------------------------------------------------------------------------------------------------------
76.6 (78.5)   94.6  day 22     63.1  day 11   000.0    268.5   02.20   01.8     28.8   day 20      S 
Max >=  86: 18
Min <=  86: 23
Max Rain: 0.53 ON 23-08-19
Days of Rain: 9 (> .008in) 6 (> .08in) 0 (> 0.8in)