MONTHLY CLIMATOLOGICAL SUMMARY for FEB. 2018

NAME: KRON   CITY: Roanoke STATE: Virginia
ELEV: 1450 LAT: 037:22:00 LONG: 0079:60:00

                            TEMPERATURE ( F), RAIN (in.), WIND SPEED (mph)

                                               HEAT     COOL           AVG
      MEAN                                     DEG      DEG            WIND                       DOM
DAY   TEMP    HIGH   TIME     LOW    TIME      DAYS     DAYS    RAIN   SPEED    HIGH    TIME      DIR
--------------------------------------------------------------------------------------------------------
01    44.0   051.5   11:57    35.5   03:01     21.0     00.0   00.01   04.6     21.9    10:44      SW
02    30.0   039.6   00:05    18.2   23:20     34.9     00.0   00.01   04.4     21.9    06:00     NNE
03    27.8   040.7   14:33    16.8   07:36     37.2     00.0   00.00   05.7     21.9    16:24      S 
04    31.4   036.4   23:03    27.6   09:16     33.5     00.0   00.88   03.9     19.6    22:44     SSE
05    36.1   047.4   15:02    27.4   08:17     28.9     00.0   00.14   03.9     25.3    05:57      NE
06    37.0   045.5   13:08    29.0   03:16     28.0     00.0   00.07   00.9     11.5    08:10      E 
07    33.4   040.4   18:46    29.3   07:45     31.5     00.0   00.81   03.8     21.9    23:25     SSE
08    36.2   049.1   15:33    28.9   07:18     28.8     00.0   00.00   02.8     17.3    17:52     NNE
09    40.3   054.1   15:46    29.0   07:59     24.6     00.0   00.00   06.5     27.6    18:03      S 
10    41.0   043.5   00:00    37.3   08:30     24.0     00.0   01.05   00.5     09.2    22:41     SSE
11    52.8   062.6   12:57    43.2   01:17     12.2     00.0   00.89   02.7     28.8    12:56     SSW
12    50.6   058.4   01:24    39.2   23:58     14.3     00.0   00.00   03.2     20.7    21:16      SE
13    35.8   041.9   15:55    31.8   23:12     29.1     00.0   00.09   04.6     18.4    01:42      S 
14    41.4   053.9   14:58    31.5   07:07     23.6     00.0   00.00   02.0     11.5    17:18     SSE
15    60.7   073.1   15:11    46.8   01:00     04.2     00.0   00.00   06.5     32.2    23:22      SW
16    57.6   065.2   08:17    43.1   00:00     07.3     00.0   00.04   05.1     39.1    03:09     NNW
17    36.4   043.3   00:03    32.1   18:13     28.6     00.0   00.12   03.2     16.1    09:13      S 
18    45.6   059.2   14:50    35.2   00:02     19.3     00.0   00.00   04.3     19.6    03:49     SSE
19    42.6   047.5   17:28    37.3   06:22     22.4     00.0   00.11   02.4     14.9    06:18      S 
20    55.9   073.5   15:22    43.9   07:07     09.0     00.0   00.00   05.7     26.4    16:24      S 
21    62.6   072.3   12:20    53.2   05:26     02.4     00.0   00.00   07.3     26.4    15:04      S 
22    66.2   080.7   13:37    53.0   23:59     00.0     01.3   00.00   06.9     27.6    15:08      S 
--------------------------------------------------------------------------------------------------------
43.9 (44.3)   80.7  day 22     16.8  day 03   464.7    001.3   04.22   04.1     39.1   day 22      S 
Min <=  86: 22
Min <=  23: 2
Max Rain: 1.05 ON 10-02-18
Days of Rain: 12 (> .008in) 8 (> .08in) 4 (> 0.8in)