MONTHLY CLIMATOLOGICAL SUMMARY for DEC. 2018

NAME: KRON   CITY: Roanoke STATE: Virginia
ELEV: 1450 LAT: 037:22:00 LONG: 0079:60:00

                            TEMPERATURE ( F), RAIN (in.), WIND SPEED (mph)

                                               HEAT     COOL           AVG
      MEAN                                     DEG      DEG            WIND                       DOM
DAY   TEMP    HIGH   TIME     LOW    TIME      DAYS     DAYS    RAIN   SPEED    HIGH    TIME      DIR
--------------------------------------------------------------------------------------------------------
01    37.6   051.1   09:00    36.3   17:56     27.3     00.0   00.30   04.7     16.1    10:03     SSE
02    47.6   060.1   14:56    37.6   00:09     17.3     00.0   00.03   02.7     14.9    23:33      S 
03    52.9   065.2   14:34    40.4   23:45     12.0     00.0   00.00   05.3     23.0    11:45      W 
04    39.1   041.4   10:15    35.8   23:17     25.9     00.0   00.00   02.0     17.3    02:34      NW
05    36.0   046.6   14:11    30.2   23:47     29.0     00.0   00.00   05.5     27.6    15:16     WNW
06    36.8   049.1   15:18    28.3   06:21     28.1     00.0   00.00   04.6     16.1    15:25     WNW
07    39.3   050.2   14:55    32.9   23:55     25.6     00.0   00.00   02.2     16.1    01:36     WNW
08    34.3   039.6   14:48    29.6   05:44     30.7     00.0   00.00   02.2     12.7    22:08     SSE
09    27.0   032.7   00:06    24.4   09:09     38.0     00.0   00.90   01.8     17.3    01:55     ESE
10    35.6   050.8   15:22    28.2   04:08     29.3     00.0   00.00   01.0     09.2    11:51      N 
11    35.0   049.4   14:43    24.1   07:02     29.9     00.0   00.00   04.5     23.0    20:41      NW
12    35.8   041.3   12:16    32.3   07:05     29.2     00.0   00.00   02.8     12.7    02:11      SW
--------------------------------------------------------------------------------------------------------
38.1 (39.9)   65.2  day 03     24.1  day 11   322.2    000.0   06.39   03.3     27.6   day 03     WNW
Min <=  86: 12
Max Rain: 0.90 ON 9-12-18
Days of Rain: 3 (> .008in) 2 (> .08in) 1 (> 0.8in)