MONTHLY CLIMATOLOGICAL SUMMARY for APR. 2018

NAME: KRON   CITY: Roanoke STATE: Virginia
ELEV: 1450 LAT: 037:22:00 LONG: 0079:60:00

                            TEMPERATURE ( F), RAIN (in.), WIND SPEED (mph)

                                               HEAT     COOL           AVG
      MEAN                                     DEG      DEG            WIND                       DOM
DAY   TEMP    HIGH   TIME     LOW    TIME      DAYS     DAYS    RAIN   SPEED    HIGH    TIME      DIR
--------------------------------------------------------------------------------------------------------
01    56.2   066.3   16:29    49.6   06:51     08.8     00.0   00.00   03.3     14.9    02:14      NW
02    54.5   064.1   13:59    45.4   00:00     10.5     00.0   00.12   03.2     18.4    01:04     ESE
03    48.7   059.3   16:20    41.3   08:25     16.2     00.0   00.01   03.4     14.9    13:01      SE
04    53.3   061.8   04:45    39.0   00:00     11.6     00.0   00.03   06.1     28.8    13:09      NW
05    44.9   059.6   16:32    32.0   07:50     20.1     00.0   00.00   02.4     18.4    17:28      NW
06    53.8   069.1   14:22    39.3   06:00     11.2     00.0   00.00   04.4     26.4    15:08      SW
07    45.1   053.2   00:26    35.2   23:27     19.8     00.0   00.09   01.9     20.7    01:12     NNW
08    41.3   055.2   15:31    29.6   07:11     23.7     00.0   00.00   01.5     16.1    13:13     NNW
09    37.8   044.2   00:04    32.4   09:46     27.1     00.0   00.02   01.8     16.1    04:33     ESE
10    46.1   061.6   15:52    35.2   05:41     18.8     00.0   00.00   01.4     14.9    11:02     NNE
11    51.6   067.3   16:12    40.3   07:08     13.3     00.0   00.00   02.5     18.4    13:07     SSE
12    60.8   076.9   15:11    46.0   07:56     04.1     00.0   00.00   05.6     32.2    16:24     SSE
13    66.8   079.3   14:47    54.7   07:24     00.0     01.8   00.00   07.3     33.4    15:36     SSE
14    68.3   078.7   15:26    58.0   07:51     00.0     03.4   00.00   09.2     32.2    16:50      SE
15    63.8   072.1   15:50    58.9   23:37     01.2     00.0   00.59   11.6     48.3    16:33      SE
16    48.2   059.4   00:20    39.4   20:05     16.7     00.0   00.04   00.7     23.0    00:22      NE
17    47.8   061.9   16:36    33.2   08:22     17.2     00.0   00.00   00.0     17.3    17:53     NNE
18    58.9   076.8   17:19    42.4   05:14     06.0     00.0   00.00   00.8     23.0    16:43     WNW
19    52.9   068.9   00:14    40.3   23:33     12.0     00.0   00.03   00.0     19.6    12:29     SSW
20    50.4   067.0   15:47    38.4   07:00     14.5     00.0   00.00   00.0     00.0    00:00      S 
21    53.5   066.7   15:49    42.5   07:44     11.4     00.0   00.00   00.0     10.3    12:12      SE
22    56.8   067.6   15:31    46.7   07:43     08.2     00.0   00.00   00.6     23.0    14:40     ESE
23    52.7   059.4   13:44    47.3   07:46     12.2     00.0   00.25   00.2     21.9    14:01     ESE
24    49.6   053.4   18:08    46.2   05:43     15.3     00.0   01.46   00.0     13.8    00:53     ENE
--------------------------------------------------------------------------------------------------------
52.7 (53.4)   79.3  day 13     29.6  day 08   300.0    005.2   02.65   02.8     48.3   day 15      SE
Min <=  86: 24
Max Rain: 1.46 ON 24-04-18
Days of Rain: 10 (> .008in) 5 (> .08in) 1 (> 0.8in)