MONTHLY CLIMATOLOGICAL SUMMARY for FEB. 2019

NAME: KRON   CITY: Roanoke STATE: Virginia
ELEV: 1450 LAT: 037:22:00 LONG: 0079:60:00

                            TEMPERATURE ( F), RAIN (in.), WIND SPEED (mph)

                                               HEAT     COOL           AVG
      MEAN                                     DEG      DEG            WIND                       DOM
DAY   TEMP    HIGH   TIME     LOW    TIME      DAYS     DAYS    RAIN   SPEED    HIGH    TIME      DIR
--------------------------------------------------------------------------------------------------------
01    34.4   039.2   15:07    25.3   08:13     30.6     00.0   00.00   02.8     29.9    14:46      SW
02    41.9   062.2   14:46    25.4   07:28     23.0     00.0   00.00   02.4     20.7    16:22      S 
03    49.0   064.1   13:43    38.6   07:59     15.9     00.0   00.00   03.2     16.1    16:03      SE
04    52.1   072.6   15:20    35.8   07:22     12.8     00.0   00.00   02.6     13.8    18:10     ENE
05    59.3   074.5   15:11    49.8   05:26     05.7     00.0   00.00   01.8     16.1    13:16      NW
06    53.4   057.4   14:11    48.7   07:16     11.6     00.0   00.00   01.1     12.7    13:56     NNW
07    61.4   069.5   15:49    54.1   01:38     03.6     00.0   00.06   06.5     25.3    18:59     SSE
08    51.4   064.6   00:10    34.0   23:54     13.5     00.0   00.00   09.0     29.9    10:28     WNW
09    35.0   046.8   14:36    28.4   07:27     29.9     00.0   00.00   01.4     17.3    00:24      NW
10    29.8   035.9   15:23    22.9   06:47     35.2     00.0   00.16   04.8     16.1    15:46     SSE
11    35.0   043.2   13:07    30.6   00:51     30.0     00.0   00.09   03.3     17.3    15:45     SSE
12    34.0   040.8   00:00    28.5   07:37     31.0     00.0   00.60   04.3     17.3    23:53     SSE
13    42.3   056.2   14:10    32.6   07:16     22.6     00.0   00.00   08.1     36.8    15:20     WNW
14    45.8   056.5   15:25    34.7   06:22     19.1     00.0   00.00   06.3     36.8    23:24      S 
15    52.6   057.5   15:35    47.4   06:32     12.3     00.0   00.00   08.5     35.6    13:47      S 
16    42.1   050.0   16:08    35.2   23:32     22.9     00.0   00.01   02.5     17.3    18:48     SSE
17    33.0   036.4   00:51    31.2   11:34     31.9     00.0   00.44   05.5     25.3    16:32     SSE
18    40.6   051.9   15:45    33.3   00:03     24.3     00.0   00.01   03.9     25.3    11:10      NW
19    37.6   046.7   13:16    31.0   07:43     27.4     00.0   00.00   03.6     20.7    22:28     SSE
20    31.1   033.9   00:20    29.9   09:18     33.8     00.0   00.15   00.2     12.7    06:30     SSE
21    43.5   055.8   15:56    31.6   01:40     21.4     00.0   00.06   02.8     20.7    17:20      NW
--------------------------------------------------------------------------------------------------------
43.1 (43.9)   74.5  day 05     22.9  day 10   458.4    000.0   10.16   04.0     36.8   day 14     SSW
Min <=  86: 21
Min <=  23: 1
Max Rain: 0.60 ON 12-02-19
Days of Rain: 9 (> .008in) 5 (> .08in) 0 (> 0.8in)