MONTHLY CLIMATOLOGICAL SUMMARY for APR. 2019

NAME: KRON   CITY: Roanoke STATE: Virginia
ELEV: 1450 LAT: 037:22:00 LONG: 0079:60:00

                            TEMPERATURE ( F), RAIN (in.), WIND SPEED (mph)

                                               HEAT     COOL           AVG
      MEAN                                     DEG      DEG            WIND                       DOM
DAY   TEMP    HIGH   TIME     LOW    TIME      DAYS     DAYS    RAIN   SPEED    HIGH    TIME      DIR
--------------------------------------------------------------------------------------------------------
01    40.9   056.6   16:19    29.7   07:36     24.1     00.0   00.00   04.0     17.3    20:16     SSE
02    41.9   054.8   16:14    34.0   08:17     23.1     00.0   00.00   03.0     14.9    08:11     SSE
03    56.2   075.3   15:34    39.5   02:18     08.7     00.0   00.00   03.5     26.4    14:50     WNW
04    61.0   073.5   15:46    49.5   06:35     03.9     00.0   00.00   07.4     25.3    20:36     SSE
05    50.8   060.4   00:13    44.7   09:54     14.1     00.0   00.53   06.1     21.9    01:39     SSE
06    57.7   071.4   15:22    48.2   00:09     07.3     00.0   00.00   03.7     14.9    22:06     SSE
07    58.4   065.8   18:17    52.7   06:18     06.5     00.0   00.01   09.6     25.3    16:49     SSE
08    64.2   076.7   13:47    58.5   07:15     00.7     00.0   00.23   02.7     41.4    15:47     SSE
09    65.0   077.9   15:04    57.2   08:35     00.0     00.1   00.01   01.8     16.1    13:03     WNW
10    65.0   079.9   15:45    51.6   07:13     00.0     00.1   00.00   02.1     14.9    20:33     SSW
11    62.7   073.0   16:16    52.1   06:50     02.2     00.0   00.00   10.5     28.8    16:33     SSE
12    61.1   065.4   00:03    57.1   08:43     03.8     00.0   00.34   10.2     32.2    01:25     SSE
13    60.7   064.6   11:05    56.7   23:58     04.3     00.0   00.20   01.6     16.1    00:21     SSE
14    61.6   068.4   19:40    55.5   06:57     03.4     00.0   01.53   11.3     43.7    19:29     SSE
15    52.5   065.7   00:01    42.0   23:57     12.5     00.0   00.14   07.3     32.2    06:00     WNW
16    54.0   070.0   16:48    39.2   04:56     11.0     00.0   00.00   06.7     26.4    19:12     SSE
17    68.1   081.5   16:18    57.0   06:46     00.0     03.1   00.00   03.3     20.7    20:11      S 
18    67.0   080.2   14:59    54.5   09:22     00.0     02.1   00.06   10.1     40.3    15:31     SSE
19    63.9   069.0   14:43    59.9   17:41     01.0     00.0   01.39   14.4     41.4    23:45     SSE
20    52.4   062.0   00:04    45.2   23:53     12.6     00.0   00.13   11.7     34.5    12:10     SSE
21    53.4   067.0   15:23    43.5   05:58     11.5     00.0   00.01   01.3     11.5    17:18     WNW
22    59.5   075.3   16:43    45.0   07:05     05.4     00.0   00.00   01.0     11.5    16:07      NW
--------------------------------------------------------------------------------------------------------
58.1 (59.3)   81.5  day 17     29.7  day 01   156.1    005.4   04.58   06.1     43.7   day 14     SSE
Min <=  86: 22
Max Rain: 1.53 ON 14-04-19
Days of Rain: 12 (> .008in) 8 (> .08in) 2 (> 0.8in)