MONTHLY CLIMATOLOGICAL SUMMARY for AUG. 2018

NAME: KRON   CITY: Roanoke STATE: Virginia
ELEV: 1450 LAT: 037:22:00 LONG: 0079:60:00

                            TEMPERATURE ( F), RAIN (in.), WIND SPEED (mph)

                                               HEAT     COOL           AVG
      MEAN                                     DEG      DEG            WIND                       DOM
DAY   TEMP    HIGH   TIME     LOW    TIME      DAYS     DAYS    RAIN   SPEED    HIGH    TIME      DIR
--------------------------------------------------------------------------------------------------------
01    71.4   081.4   14:54    66.1   06:58     00.0     06.4   00.20   00.0     00.0    00:00      N 
02    69.2   076.8   12:56    65.6   23:58     00.0     04.3   01.42   00.0     00.0    00:00      N 
03    67.5   072.5   18:40    64.5   06:08     00.0     02.6   00.20   00.0     00.0    00:00      N 
04    73.6   086.7   15:19    65.2   07:37     00.0     08.6   00.01   00.0     00.0    00:00      N 
05    75.3   087.1   13:40    66.7   07:46     00.0     10.4   00.03   00.0     00.0    00:00      N 
06    75.3   087.5   15:05    66.8   07:32     00.0     10.3   00.00   00.0     00.0    00:00      N 
07    75.9   090.1   14:35    68.3   06:40     00.0     11.0   00.00   00.0     00.0    00:00      N 
08    76.8   091.5   14:05    68.7   06:22     00.0     11.9   00.00   00.0     00.0    00:00      N 
09    77.5   091.1   15:23    69.0   07:09     00.0     12.5   00.00   00.0     00.0    00:00      N 
10    75.9   088.2   14:58    66.3   06:53     00.0     11.0   00.00   00.0     00.0    00:00      N 
11    75.7   085.7   16:01    68.5   07:13     00.0     10.8   00.04   00.0     00.0    00:00      N 
12    70.6   078.6   12:35    66.2   23:51     00.0     05.7   00.60   00.0     00.0    00:00      N 
13    70.2   083.9   15:04    63.7   07:28     00.0     05.2   00.01   00.0     00.0    00:00      N 
--------------------------------------------------------------------------------------------------------
73.5 (75.6)   91.5  day 08     63.7  day 13   000.0    110.7   02.51   00.0     00.0   day 14     N
Max >=  86: 7
Min <=  86: 13
Max Rain: 1.42 ON 2-08-18
Days of Rain: 8 (> .008in) 4 (> .08in) 1 (> 0.8in)