MONTHLY CLIMATOLOGICAL SUMMARY for JUN. 2019

NAME: KRON   CITY: Roanoke STATE: Virginia
ELEV: 1450 LAT: 037:22:00 LONG: 0079:60:00

                            TEMPERATURE ( F), RAIN (in.), WIND SPEED (mph)

                                               HEAT     COOL           AVG
      MEAN                                     DEG      DEG            WIND                       DOM
DAY   TEMP    HIGH   TIME     LOW    TIME      DAYS     DAYS    RAIN   SPEED    HIGH    TIME      DIR
--------------------------------------------------------------------------------------------------------
01    70.2   081.6   15:36    59.1   06:14     00.0     05.2   00.01   01.0     09.2    11:34     WNW
02    72.1   085.9   14:49    61.4   06:43     00.0     07.2   00.37   01.5     31.1    19:38     WNW
03    68.4   078.7   15:14    60.2   06:44     00.0     03.5   00.00   01.3     16.1    16:51      NW
04    66.0   077.7   14:39    53.7   06:23     00.0     01.1   00.00   04.5     18.4    19:06     SSE
05    70.9   077.7   12:22    64.2   06:27     00.0     06.0   00.00   02.7     19.6    14:53     SSW
06    75.9   087.4   15:52    69.1   05:47     00.0     11.0   00.19   02.1     16.1    18:41     WSW
07    67.8   070.5   00:19    65.1   00:00     00.0     02.8   01.45   01.1     14.9    15:07     NNE
09    64.0   066.9   17:06    60.7   16:02     00.9     00.0   03.18   01.9     21.9    12:59      NE
10    68.6   076.1   15:41    64.6   08:04     00.0     03.6   00.73   00.9     11.5    17:00     SSW
11    67.6   078.3   15:26    57.5   07:17     00.0     02.7   00.00   01.4     14.9    17:52      NW
12    63.1   073.4   15:09    56.5   07:00     01.9     00.0   00.13   03.8     24.1    13:52     SSE
13    65.0   075.8   14:46    57.6   05:52     00.0     00.0   00.13   02.8     25.3    16:21      W 
14    65.2   078.0   15:14    54.0   06:47     00.0     00.3   00.00   02.8     21.9    00:18      W 
15    68.8   079.9   15:03    56.3   07:06     00.0     03.8   00.00   06.5     27.6    19:07     SSE
16    75.1   088.5   15:07    65.6   07:08     00.0     10.2   00.01   03.3     18.4    00:03     SSW
17    75.9   089.7   14:30    69.1   05:12     00.0     10.9   00.02   02.2     21.9    15:03     SSW
18    73.1   084.0   14:29    67.9   23:56     00.0     08.2   00.20   01.7     18.4    16:51     SSW
19    71.9   079.3   15:26    66.5   02:14     00.0     06.9   00.19   01.7     17.3    16:00     SSE
20    73.1   080.6   16:33    67.2   06:54     00.0     08.2   00.01   02.8     28.8    13:11      W 
21    72.1   082.0   15:13    64.7   06:02     00.0     07.1   00.00   02.7     17.3    01:00     WNW
22    69.6   078.7   14:58    62.6   06:33     00.0     04.7   00.00   00.9     08.1    17:56     NNE
23    69.7   078.6   15:15    61.6   06:50     00.0     04.8   00.00   03.6     16.1    18:53      S 
24    76.0   087.9   13:46    64.8   06:36     00.0     11.1   00.23   04.8     27.6    15:39      S 
--------------------------------------------------------------------------------------------------------
70.0 (71.0)   89.7  day 17     53.7  day 04   002.8    119.2   06.86   02.5     31.1   day 24     SSW
Max >=  86: 4
Min <=  86: 23
Max Rain: 3.18 ON 9-06-19
Days of Rain: 14 (> .008in) 10 (> .08in) 2 (> 0.8in)