MONTHLY CLIMATOLOGICAL SUMMARY for DEC. 2019

NAME: KRON   CITY: Roanoke STATE: Virginia
ELEV: 1450 LAT: 037:22:00 LONG: 0079:60:00

                            TEMPERATURE ( F), RAIN (in.), WIND SPEED (mph)

                                               HEAT     COOL           AVG
      MEAN                                     DEG      DEG            WIND                       DOM
DAY   TEMP    HIGH   TIME     LOW    TIME      DAYS     DAYS    RAIN   SPEED    HIGH    TIME      DIR
--------------------------------------------------------------------------------------------------------
01    39.9   042.7   18:37    37.1   05:13     25.0     00.0   00.28   03.2     18.4    00:56     SSE
02    38.9   045.7   10:57    35.3   07:56     26.1     00.0   00.00   05.8     29.9    16:55      NW
03    39.1   048.5   11:58    34.4   07:15     25.9     00.0   00.00   04.5     28.8    01:27      NW
04    43.1   057.0   14:00    33.4   04:45     21.8     00.0   00.00   09.0     46.0    23:34     WNW
05    46.3   060.8   14:02    37.0   07:45     18.7     00.0   00.00   05.4     42.5    01:43      NW
06    45.7   049.7   17:05    40.7   02:27     19.2     00.0   00.00   01.4     12.7    17:25     WNW
07    44.6   056.2   14:43    34.9   23:31     20.4     00.0   00.00   04.6     16.1    10:52     SSE
08    38.8   050.4   13:52    30.4   07:49     26.2     00.0   00.00   05.3     17.3    14:12     SSE
09    39.2   044.8   23:49    34.2   08:09     25.7     00.0   00.48   02.3     23.0    17:44     SSE
10    44.9   053.2   13:27    36.4   23:54     20.0     00.0   00.09   03.0     27.6    18:27      NW
11    37.4   049.8   13:54    29.5   07:58     27.5     00.0   00.00   03.0     19.6    16:37      NW
12    34.9   045.0   13:39    28.7   08:01     30.1     00.0   00.00   05.1     19.6    14:41     SSE
13    33.4   036.9   23:47    30.5   00:23     31.5     00.0   00.05   00.1     06.9    00:22      W 
14    42.5   056.6   14:14    35.7   04:54     22.4     00.0   00.09   05.0     31.1    13:56     WNW
--------------------------------------------------------------------------------------------------------
40.6 (42.0)   60.8  day 05     28.7  day 12   340.4    000.0   00.99   04.1     46.0   day 05      W 
Min <=  86: 14
Max Rain: 0.48 ON 9-12-19
Days of Rain: 5 (> .008in) 4 (> .08in) 0 (> 0.8in)