MONTHLY CLIMATOLOGICAL SUMMARY for JUN. 2022

NAME: KRON   CITY: Roanoke STATE: Virginia
ELEV: 1450 LAT: 037:22:00 LONG: 0079:60:00

                            TEMPERATURE ( F), RAIN (in.), WIND SPEED (mph)

                                               HEAT     COOL           AVG
      MEAN                                     DEG      DEG            WIND                       DOM
DAY   TEMP    HIGH   TIME     LOW    TIME      DAYS     DAYS    RAIN   SPEED    HIGH    TIME      DIR
--------------------------------------------------------------------------------------------------------
01    76.7   093.4   10:21    63.1   06:03     00.0     11.8   00.00   00.0     00.0    00:00      N 
02    75.0   091.9   10:20    64.1   05:38     00.0     10.0   00.00   00.0     00.0    00:00      N 
03    69.4   078.8   15:38    59.2   00:00     00.0     04.5   00.00   00.0     00.0    00:00      N 
04    67.3   084.0   10:25    52.8   06:03     00.0     02.3   00.00   00.0     00.0    00:00      N 
05    67.1   084.8   10:23    52.3   06:18     00.0     02.2   00.00   00.0     00.0    00:00      N 
06    69.2   083.9   10:21    56.4   03:25     00.0     04.2   00.00   00.0     00.0    00:00      N 
07    68.4   078.7   15:35    59.2   06:16     00.0     03.4   00.00   00.0     00.0    00:00      N 
08    71.9   094.6   10:25    61.8   05:54     00.0     07.0   00.00   00.0     00.0    00:00      N 
09    72.1   088.6   10:20    58.4   00:00     00.0     07.1   00.00   00.0     00.0    00:00      N 
10    66.3   081.7   11:02    53.3   06:24     00.0     01.3   00.00   00.0     00.0    00:00      N 
11    69.7   080.3   17:36    60.5   06:00     00.0     04.7   00.00   00.0     00.0    00:00      N 
12    75.5   092.1   10:26    65.0   06:41     00.0     10.6   00.00   00.0     00.0    00:00      N 
13    80.1   095.6   10:24    66.3   06:17     00.0     15.2   00.00   00.0     00.0    00:00      N 
14    78.1   090.1   17:39    67.6   08:43     00.0     13.1   00.00   00.0     00.0    00:00      N 
15    80.4   096.6   10:25    70.4   05:33     00.0     15.4   00.00   00.0     00.0    00:00      N 
16    81.1   101.2   10:26    72.9   06:09     00.0     16.2   00.00   00.0     00.0    00:00      N 
17    76.6   095.5   10:23    63.9   01:47     00.0     11.7   00.00   00.0     00.0    00:00      N 
18    72.7   086.7   10:28    62.8   23:40     00.0     07.7   00.00   00.0     00.0    00:00      N 
19    66.7   080.8   10:28    52.4   06:09     00.0     01.8   00.00   00.0     00.0    00:00      N 
20    66.5   078.6   15:20    53.6   04:19     00.0     01.5   00.00   00.0     00.0    00:00      N 
21    73.1   088.5   17:40    58.2   02:07     00.0     08.2   00.00   00.0     00.0    00:00      N 
22    77.7   098.2   10:28    60.6   05:40     00.0     12.8   00.00   00.0     00.0    00:00      N 
23    76.6   095.5   10:29    66.0   05:56     00.0     11.6   00.00   00.0     00.0    00:00      N 
24    76.4   088.1   16:43    66.8   05:29     00.0     11.4   00.00   00.0     00.0    00:00      N 
25    76.4   090.1   11:03    64.4   05:54     00.0     11.4   00.00   00.0     00.0    00:00      N 
26    75.9   092.5   10:31    66.6   05:35     00.0     10.9   00.00   00.0     00.0    00:00      N 
27    74.7   083.9   09:56    65.9   00:00     00.0     09.7   00.00   00.0     00.0    00:00      N 
--------------------------------------------------------------------------------------------------------
73.5 (75.2)   101.2  day 16     52.3  day 05   000.0    238.3   00.00   00.0     00.0   day 28     N
Max >=  86: 17
Min <=  86: 28
Max Rain: 0.00 ON 0-06-22
Days of Rain: 0 (> .008in) 0 (> .08in) 0 (> 0.8in)