MONTHLY CLIMATOLOGICAL SUMMARY for JUN. 2021

NAME: KRON   CITY: Roanoke STATE: Virginia
ELEV: 1450 LAT: 037:22:00 LONG: 0079:60:00

                            TEMPERATURE ( F), RAIN (in.), WIND SPEED (mph)

                                               HEAT     COOL           AVG
      MEAN                                     DEG      DEG            WIND                       DOM
DAY   TEMP    HIGH   TIME     LOW    TIME      DAYS     DAYS    RAIN   SPEED    HIGH    TIME      DIR
--------------------------------------------------------------------------------------------------------
01    65.2   075.1   14:31    54.6   06:58     00.0     00.3   00.00   03.6     14.9    16:46     SSE
02    68.4   075.4   16:48    61.4   07:50     00.0     03.5   00.00   06.5     20.7    12:23     SSE
03    70.5   080.6   14:38    64.2   06:48     00.0     05.6   00.00   04.1     16.1    23:23     SSE
04    72.8   083.4   14:37    64.5   07:04     00.0     07.9   00.00   01.8     13.8    14:35      W 
05    74.6   087.4   14:50    61.4   07:18     00.0     09.7   00.00   04.2     14.9    22:35     SSE
06    77.7   088.7   14:24    68.3   06:46     00.0     12.8   00.00   04.7     28.8    21:06     SSE
07    75.0   084.4   14:44    68.8   05:58     00.0     10.1   00.02   04.1     18.4    20:05     SSE
08    74.4   088.0   14:01    68.1   05:34     00.0     09.4   00.14   02.3     18.4    15:38     SSE
09    73.0   085.3   15:35    67.5   06:50     00.0     08.1   00.15   01.1     26.4    16:59      W 
10    71.3   075.2   11:52    67.3   06:39     00.0     06.4   00.11   01.0     12.7    12:38      SE
11    71.7   079.9   12:25    67.7   23:56     00.0     06.7   00.33   01.4     16.1    16:31     SSE
12    66.9   073.6   12:21    64.4   07:39     00.0     02.0   00.00   00.3     06.9    11:53     NNW
13    72.6   080.8   15:02    64.0   07:09     00.0     07.7   01.15   05.2     25.3    19:49     SSE
14    73.0   086.9   15:16    61.9   05:43     00.0     08.0   00.00   01.9     12.7    12:38     WSW
15    72.0   082.4   15:10    64.0   07:02     00.0     07.1   00.00   01.5     18.4    15:41      NW
16    69.2   081.7   14:42    60.3   06:39     00.0     04.3   00.00   01.6     13.8    10:11      NW
17    68.6   081.6   15:31    55.4   07:20     00.0     03.7   00.00   01.7     11.5    13:12      NW
18    72.2   087.1   14:49    57.5   06:13     00.0     07.3   00.00   04.0     17.3    19:16      S 
19    78.7   088.4   14:23    70.5   06:18     00.0     13.8   00.00   03.2     16.1    12:31     WSW
20    76.1   083.8   15:22    68.8   07:06     00.0     11.1   00.00   04.2     20.7    17:14     SSE
21    78.7   091.0   15:34    68.2   06:26     00.0     13.8   00.00   03.4     28.8    15:03     SSW
22    70.0   076.6   00:05    61.2   23:57     00.0     05.1   00.47   01.2     14.9    14:50     WNW
23    64.4   075.0   14:09    55.8   06:39     00.5     00.0   00.00   02.6     13.8    21:49     SSE
24    65.3   075.5   15:04    57.6   06:43     00.0     00.4   00.00   03.0     14.9    13:44     SSE
--------------------------------------------------------------------------------------------------------
71.8 (72.7)   91.0  day 21     54.6  day 01   000.5    164.6   02.37   02.9     28.8   day 06     SSE
Max >=  86: 7
Min <=  86: 24
Max Rain: 1.15 ON 13-06-21
Days of Rain: 7 (> .008in) 6 (> .08in) 1 (> 0.8in)