MONTHLY CLIMATOLOGICAL SUMMARY for SEP. 2020

NAME: KRON   CITY: Roanoke STATE: Virginia
ELEV: 1450 LAT: 037:22:00 LONG: 0079:60:00

                            TEMPERATURE ( F), RAIN (in.), WIND SPEED (mph)

                                               HEAT     COOL           AVG
      MEAN                                     DEG      DEG            WIND                       DOM
DAY   TEMP    HIGH   TIME     LOW    TIME      DAYS     DAYS    RAIN   SPEED    HIGH    TIME      DIR
--------------------------------------------------------------------------------------------------------
01    67.8   072.2   16:01    64.0   05:01     00.0     02.9   00.01   00.6     10.3    19:35      S 
02    76.6   090.6   15:38    68.5   06:14     00.0     11.7   00.01   01.4     17.3    16:15     WSW
03    79.2   091.1   15:32    71.2   07:16     00.0     14.3   00.00   02.4     25.3    15:46     WNW
04    77.5   089.7   15:20    69.6   07:18     00.0     12.6   00.00   01.0     13.8    17:52     NNW
05    70.8   084.4   15:34    61.8   07:19     00.0     05.9   00.00   01.0     14.9    12:41     NNE
06    68.8   085.2   15:42    57.3   07:39     00.0     03.8   00.00   01.3     10.3    21:54      S 
07    70.3   084.4   15:21    59.1   07:35     00.0     05.4   00.00   01.2     11.5    15:01      S 
08    71.4   084.6   15:49    61.0   07:32     00.0     06.4   00.00   01.3     12.7    16:31      S 
09    72.4   078.9   14:46    68.7   07:23     00.0     07.5   00.00   00.6     12.7    14:48      SE
10    74.0   081.9   16:19    68.6   06:32     00.0     09.0   00.04   00.0     04.6    21:12      NE
11    74.9   086.1   15:32    68.4   07:39     00.0     09.9   00.00   01.9     16.1    19:25     SSW
12    68.3   071.6   00:02    64.8   23:59     00.0     03.4   00.00   02.8     17.3    18:13      S 
13    69.3   081.6   16:01    61.4   07:32     00.0     04.3   00.00   02.0     12.7    00:49     SSW
14    72.8   083.8   16:09    67.1   07:01     00.0     07.9   00.00   00.6     11.5    23:58      SE
15    63.1   070.0   15:40    54.7   23:47     01.9     00.0   00.00   02.4     12.7    10:34      S 
16    58.6   069.4   16:27    49.9   07:54     06.3     00.0   00.00   01.5     13.8    15:47      S 
17    60.2   062.2   23:54    58.3   09:02     04.8     00.0   01.34   00.0     05.8    22:14      NW
--------------------------------------------------------------------------------------------------------
70.3 (71.8)   91.1  day 03     49.9  day 16   013.0    104.9   01.40   01.3     25.3   day 03     SSW
Max >=  86: 4
Min <=  86: 17
Max Rain: 1.34 ON 17-09-20
Days of Rain: 4 (> .008in) 1 (> .08in) 1 (> 0.8in)